{"id":681,"date":"2022-12-23T11:25:18","date_gmt":"2022-12-23T10:25:18","guid":{"rendered":"https:\/\/embutidoslaencina.com\/?post_type=product&#038;p=681"},"modified":"2025-09-05T16:00:26","modified_gmt":"2025-09-05T14:00:26","slug":"botillo","status":"publish","type":"product","link":"https:\/\/embutidoslaencina.com\/en\/product\/botillo\/","title":{"rendered":"Botillo"},"content":{"rendered":"<p>Cras tempor metus ut quam mollis vehicula. Phasellus volutpat nisi ac lacus vulputate, vel faucibus nibh finibus. Donec convallis neque sed tortor pellentesque facilisis. Vivamus mattis diam eget orci posuere scelerisque. Fusce pharetra pretium auctor. Phasellus aliquet felis dui, a ornare odio lobortis viverra. Vestibulum bibendum suscipit nunc vitae feugiat. Ut venenatis facilisis lacus tristique condimentum. Aliquam erat volutpat. Mauris a nunc mauris. Sed sed libero mollis, congue nibh et, sagittis justo. Proin ullamcorper arcu ut metus aliquam vulputate. Ut dignissim tempor felis, vel iaculis ex vehicula nec.<\/p>\n<p>Fusce id vehicula ex. Suspendisse eu enim egestas, cursus lorem in, bibendum massa. Etiam imperdiet nibh sit amet urna bibendum aliquet. Fusce mollis, leo sed convallis aliquam, purus libero ultrices urna, quis egestas purus purus in nulla. Ut nec nibh erat. Vestibulum id lectus vehicula, viverra nibh quis, tincidunt nibh. Integer ac vehicula massa.<\/p>","protected":false},"excerpt":{"rendered":"<p><strong>Large Botillo del Bierzo (4 servings)<\/strong><\/p>\n<p>Allegen-Free<\/p>\n<p>Prepared with Duroc pork ribs, tail, and backbone, marinated with paprika, garlic, and oregano. Stuffed in natural casing and air-dried for 2 weeks. Finally, it receives a light touch of oak and holm-oak wood smoke.<\/p>\n<p>&nbsp;<\/p>","protected":false},"featured_media":1744,"template":"","meta":{"_monsterinsights_skip_tracking":false,"_monsterinsights_sitenote_active":false,"_monsterinsights_sitenote_note":"","_monsterinsights_sitenote_category":0},"product_brand":[],"product_cat":[27],"product_tag":[],"class_list":{"0":"post-681","1":"product","2":"type-product","3":"status-publish","4":"has-post-thumbnail","6":"product_cat-oreados","8":"first","9":"instock","10":"featured","11":"taxable","12":"shipping-taxable","13":"purchasable","14":"product-type-simple"},"yoast_head":"<!-- This site is optimized with the Yoast SEO plugin v27.4 - https:\/\/yoast.com\/product\/yoast-seo-wordpress\/ -->\n<title>Botillo - Embutidos La Encina<\/title>\n<meta name=\"robots\" content=\"index, follow, max-snippet:-1, max-image-preview:large, max-video-preview:-1\" \/>\n<link rel=\"canonical\" href=\"https:\/\/embutidoslaencina.com\/en\/product\/botillo\/\" \/>\n<meta property=\"og:locale\" content=\"en_US\" \/>\n<meta property=\"og:type\" content=\"article\" \/>\n<meta property=\"og:title\" content=\"Botillo - Embutidos La Encina\" \/>\n<meta property=\"og:description\" content=\"Botillo del Bierzo grande (4 raciones)  Sin al\u00e9rgenos  Elaborado con costilla, rabo y espinazo de cerdo duroc, adobado con piment\u00f3n, ajo y or\u00e9gano. Embutido en tripa natural y oreado 2 semanas. Finalmente, recibe un ligero toque de le\u00f1a de roble y encina.  &nbsp;\" \/>\n<meta property=\"og:url\" content=\"https:\/\/embutidoslaencina.com\/en\/product\/botillo\/\" \/>\n<meta property=\"og:site_name\" content=\"Embutidos La Encina\" \/>\n<meta property=\"article:modified_time\" content=\"2025-09-05T14:00:26+00:00\" \/>\n<meta property=\"og:image\" content=\"https:\/\/embutidoslaencina.com\/wp-content\/uploads\/2022\/12\/botillo.jpg\" \/>\n\t<meta property=\"og:image:width\" content=\"1920\" \/>\n\t<meta property=\"og:image:height\" content=\"1920\" \/>\n\t<meta property=\"og:image:type\" content=\"image\/jpeg\" \/>\n<meta name=\"twitter:card\" content=\"summary_large_image\" \/>\n<meta name=\"twitter:label1\" content=\"Est. reading time\" \/>\n\t<meta name=\"twitter:data1\" content=\"1 minute\" \/>\n<script type=\"application\/ld+json\" class=\"yoast-schema-graph\">{\"@context\":\"https:\\\/\\\/schema.org\",\"@graph\":[{\"@type\":\"WebPage\",\"@id\":\"https:\\\/\\\/embutidoslaencina.com\\\/producto\\\/botillo\\\/\",\"url\":\"https:\\\/\\\/embutidoslaencina.com\\\/producto\\\/botillo\\\/\",\"name\":\"Botillo - Embutidos La Encina\",\"isPartOf\":{\"@id\":\"https:\\\/\\\/embutidoslaencina.com\\\/#website\"},\"primaryImageOfPage\":{\"@id\":\"https:\\\/\\\/embutidoslaencina.com\\\/producto\\\/botillo\\\/#primaryimage\"},\"image\":{\"@id\":\"https:\\\/\\\/embutidoslaencina.com\\\/producto\\\/botillo\\\/#primaryimage\"},\"thumbnailUrl\":\"https:\\\/\\\/embutidoslaencina.com\\\/wp-content\\\/uploads\\\/2022\\\/12\\\/botillo.jpg\",\"datePublished\":\"2022-12-23T10:25:18+00:00\",\"dateModified\":\"2025-09-05T14:00:26+00:00\",\"breadcrumb\":{\"@id\":\"https:\\\/\\\/embutidoslaencina.com\\\/producto\\\/botillo\\\/#breadcrumb\"},\"inLanguage\":\"en-US\",\"potentialAction\":[{\"@type\":\"ReadAction\",\"target\":[\"https:\\\/\\\/embutidoslaencina.com\\\/producto\\\/botillo\\\/\"]}]},{\"@type\":\"ImageObject\",\"inLanguage\":\"en-US\",\"@id\":\"https:\\\/\\\/embutidoslaencina.com\\\/producto\\\/botillo\\\/#primaryimage\",\"url\":\"https:\\\/\\\/embutidoslaencina.com\\\/wp-content\\\/uploads\\\/2022\\\/12\\\/botillo.jpg\",\"contentUrl\":\"https:\\\/\\\/embutidoslaencina.com\\\/wp-content\\\/uploads\\\/2022\\\/12\\\/botillo.jpg\",\"width\":1920,\"height\":1920},{\"@type\":\"BreadcrumbList\",\"@id\":\"https:\\\/\\\/embutidoslaencina.com\\\/producto\\\/botillo\\\/#breadcrumb\",\"itemListElement\":[{\"@type\":\"ListItem\",\"position\":1,\"name\":\"Portada\",\"item\":\"https:\\\/\\\/embutidoslaencina.com\\\/\"},{\"@type\":\"ListItem\",\"position\":2,\"name\":\"Tienda\",\"item\":\"https:\\\/\\\/embutidoslaencina.com\\\/tienda\\\/\"},{\"@type\":\"ListItem\",\"position\":3,\"name\":\"Botillo\"}]},{\"@type\":\"WebSite\",\"@id\":\"https:\\\/\\\/embutidoslaencina.com\\\/#website\",\"url\":\"https:\\\/\\\/embutidoslaencina.com\\\/\",\"name\":\"Embutidos La Encina\",\"description\":\"Bienvenido a Embutidos La Encina, donde tradici\u00f3n y sabor se unen en el coraz\u00f3n de Los Ancares leoneses, una regi\u00f3n declarada Reserva de la Biosfera. Descubre nuestros embutidos artesanales elaborados en un entorno natural \u00fanico.\",\"publisher\":{\"@id\":\"https:\\\/\\\/embutidoslaencina.com\\\/#organization\"},\"potentialAction\":[{\"@type\":\"SearchAction\",\"target\":{\"@type\":\"EntryPoint\",\"urlTemplate\":\"https:\\\/\\\/embutidoslaencina.com\\\/?s={search_term_string}\"},\"query-input\":{\"@type\":\"PropertyValueSpecification\",\"valueRequired\":true,\"valueName\":\"search_term_string\"}}],\"inLanguage\":\"en-US\"},{\"@type\":\"Organization\",\"@id\":\"https:\\\/\\\/embutidoslaencina.com\\\/#organization\",\"name\":\"Embutidos La Encina\",\"url\":\"https:\\\/\\\/embutidoslaencina.com\\\/\",\"logo\":{\"@type\":\"ImageObject\",\"inLanguage\":\"en-US\",\"@id\":\"https:\\\/\\\/embutidoslaencina.com\\\/#\\\/schema\\\/logo\\\/image\\\/\",\"url\":\"https:\\\/\\\/embutidoslaencina.com\\\/wp-content\\\/uploads\\\/2025\\\/11\\\/logo-embutidos-la-encina-og.png\",\"contentUrl\":\"https:\\\/\\\/embutidoslaencina.com\\\/wp-content\\\/uploads\\\/2025\\\/11\\\/logo-embutidos-la-encina-og.png\",\"width\":207,\"height\":202,\"caption\":\"Embutidos La Encina\"},\"image\":{\"@id\":\"https:\\\/\\\/embutidoslaencina.com\\\/#\\\/schema\\\/logo\\\/image\\\/\"},\"sameAs\":[\"https:\\\/\\\/www.instagram.com\\\/embutidoslaencina\"]}]}<\/script>\n<!-- \/ Yoast SEO plugin. -->","yoast_head_json":{"title":"Botillo - Embutidos La Encina","robots":{"index":"index","follow":"follow","max-snippet":"max-snippet:-1","max-image-preview":"max-image-preview:large","max-video-preview":"max-video-preview:-1"},"canonical":"https:\/\/embutidoslaencina.com\/en\/product\/botillo\/","og_locale":"en_US","og_type":"article","og_title":"Botillo - Embutidos La Encina","og_description":"Botillo del Bierzo grande (4 raciones)  Sin al\u00e9rgenos  Elaborado con costilla, rabo y espinazo de cerdo duroc, adobado con piment\u00f3n, ajo y or\u00e9gano. Embutido en tripa natural y oreado 2 semanas. Finalmente, recibe un ligero toque de le\u00f1a de roble y encina.  &nbsp;","og_url":"https:\/\/embutidoslaencina.com\/en\/product\/botillo\/","og_site_name":"Embutidos La Encina","article_modified_time":"2025-09-05T14:00:26+00:00","og_image":[{"width":1920,"height":1920,"url":"https:\/\/embutidoslaencina.com\/wp-content\/uploads\/2022\/12\/botillo.jpg","type":"image\/jpeg"}],"twitter_card":"summary_large_image","twitter_misc":{"Est. reading time":"1 minute"},"schema":{"@context":"https:\/\/schema.org","@graph":[{"@type":"WebPage","@id":"https:\/\/embutidoslaencina.com\/producto\/botillo\/","url":"https:\/\/embutidoslaencina.com\/producto\/botillo\/","name":"Botillo - Embutidos La Encina","isPartOf":{"@id":"https:\/\/embutidoslaencina.com\/#website"},"primaryImageOfPage":{"@id":"https:\/\/embutidoslaencina.com\/producto\/botillo\/#primaryimage"},"image":{"@id":"https:\/\/embutidoslaencina.com\/producto\/botillo\/#primaryimage"},"thumbnailUrl":"https:\/\/embutidoslaencina.com\/wp-content\/uploads\/2022\/12\/botillo.jpg","datePublished":"2022-12-23T10:25:18+00:00","dateModified":"2025-09-05T14:00:26+00:00","breadcrumb":{"@id":"https:\/\/embutidoslaencina.com\/producto\/botillo\/#breadcrumb"},"inLanguage":"en-US","potentialAction":[{"@type":"ReadAction","target":["https:\/\/embutidoslaencina.com\/producto\/botillo\/"]}]},{"@type":"ImageObject","inLanguage":"en-US","@id":"https:\/\/embutidoslaencina.com\/producto\/botillo\/#primaryimage","url":"https:\/\/embutidoslaencina.com\/wp-content\/uploads\/2022\/12\/botillo.jpg","contentUrl":"https:\/\/embutidoslaencina.com\/wp-content\/uploads\/2022\/12\/botillo.jpg","width":1920,"height":1920},{"@type":"BreadcrumbList","@id":"https:\/\/embutidoslaencina.com\/producto\/botillo\/#breadcrumb","itemListElement":[{"@type":"ListItem","position":1,"name":"Portada","item":"https:\/\/embutidoslaencina.com\/"},{"@type":"ListItem","position":2,"name":"Tienda","item":"https:\/\/embutidoslaencina.com\/tienda\/"},{"@type":"ListItem","position":3,"name":"Botillo"}]},{"@type":"WebSite","@id":"https:\/\/embutidoslaencina.com\/#website","url":"https:\/\/embutidoslaencina.com\/","name":"Embutidos La Encina","description":"Bienvenido a Embutidos La Encina, donde tradici\u00f3n y sabor se unen en el coraz\u00f3n de Los Ancares leoneses, una regi\u00f3n declarada Reserva de la Biosfera. Descubre nuestros embutidos artesanales elaborados en un entorno natural \u00fanico.","publisher":{"@id":"https:\/\/embutidoslaencina.com\/#organization"},"potentialAction":[{"@type":"SearchAction","target":{"@type":"EntryPoint","urlTemplate":"https:\/\/embutidoslaencina.com\/?s={search_term_string}"},"query-input":{"@type":"PropertyValueSpecification","valueRequired":true,"valueName":"search_term_string"}}],"inLanguage":"en-US"},{"@type":"Organization","@id":"https:\/\/embutidoslaencina.com\/#organization","name":"Embutidos La Encina","url":"https:\/\/embutidoslaencina.com\/","logo":{"@type":"ImageObject","inLanguage":"en-US","@id":"https:\/\/embutidoslaencina.com\/#\/schema\/logo\/image\/","url":"https:\/\/embutidoslaencina.com\/wp-content\/uploads\/2025\/11\/logo-embutidos-la-encina-og.png","contentUrl":"https:\/\/embutidoslaencina.com\/wp-content\/uploads\/2025\/11\/logo-embutidos-la-encina-og.png","width":207,"height":202,"caption":"Embutidos La Encina"},"image":{"@id":"https:\/\/embutidoslaencina.com\/#\/schema\/logo\/image\/"},"sameAs":["https:\/\/www.instagram.com\/embutidoslaencina"]}]}},"_links":{"self":[{"href":"https:\/\/embutidoslaencina.com\/en\/wp-json\/wp\/v2\/product\/681","targetHints":{"allow":["GET"]}}],"collection":[{"href":"https:\/\/embutidoslaencina.com\/en\/wp-json\/wp\/v2\/product"}],"about":[{"href":"https:\/\/embutidoslaencina.com\/en\/wp-json\/wp\/v2\/types\/product"}],"wp:featuredmedia":[{"embeddable":true,"href":"https:\/\/embutidoslaencina.com\/en\/wp-json\/wp\/v2\/media\/1744"}],"wp:attachment":[{"href":"https:\/\/embutidoslaencina.com\/en\/wp-json\/wp\/v2\/media?parent=681"}],"wp:term":[{"taxonomy":"product_brand","embeddable":true,"href":"https:\/\/embutidoslaencina.com\/en\/wp-json\/wp\/v2\/product_brand?post=681"},{"taxonomy":"product_cat","embeddable":true,"href":"https:\/\/embutidoslaencina.com\/en\/wp-json\/wp\/v2\/product_cat?post=681"},{"taxonomy":"product_tag","embeddable":true,"href":"https:\/\/embutidoslaencina.com\/en\/wp-json\/wp\/v2\/product_tag?post=681"}],"curies":[{"name":"wp","href":"https:\/\/api.w.org\/{rel}","templated":true}]}}

<!-- This site is optimized with the Yoast SEO plugin v27.4 - https://yoast.com/product/yoast-seo-wordpress/ -->
<title>Botillo - Embutidos La Encina</title>
<meta name="robots" content="index, follow, max-snippet:-1, max-image-preview:large, max-video-preview:-1" />
<link rel="canonical" href="https://embutidoslaencina.com/en/product/botillo/" />
<meta property="og:locale" content="en_US" />
<meta property="og:type" content="article" />
<meta property="og:title" content="Botillo - Embutidos La Encina" />
<meta property="og:description" content="Botillo del Bierzo grande (4 raciones)  Sin alérgenos  Elaborado con costilla, rabo y espinazo de cerdo duroc, adobado con pimentón, ajo y orégano. Embutido en tripa natural y oreado 2 semanas. Finalmente, recibe un ligero toque de leña de roble y encina.  &nbsp;" />
<meta property="og:url" content="https://embutidoslaencina.com/en/product/botillo/" />
<meta property="og:site_name" content="Embutidos La Encina" />
<meta property="article:modified_time" content="2025-09-05T14:00:26+00:00" />
<meta property="og:image" content="https://embutidoslaencina.com/wp-content/uploads/2022/12/botillo.jpg" />
	<meta property="og:image:width" content="1920" />
	<meta property="og:image:height" content="1920" />
	<meta property="og:image:type" content="image/jpeg" />
<meta name="twitter:card" content="summary_large_image" />
<meta name="twitter:label1" content="Est. reading time" />
	<meta name="twitter:data1" content="1 minute" />
<script type="application/ld+json" class="yoast-schema-graph">{"@context":"https:\/\/schema.org","@graph":[{"@type":"WebPage","@id":"https:\/\/embutidoslaencina.com\/producto\/botillo\/","url":"https:\/\/embutidoslaencina.com\/producto\/botillo\/","name":"Botillo - Embutidos La Encina","isPartOf":{"@id":"https:\/\/embutidoslaencina.com\/#website"},"primaryImageOfPage":{"@id":"https:\/\/embutidoslaencina.com\/producto\/botillo\/#primaryimage"},"image":{"@id":"https:\/\/embutidoslaencina.com\/producto\/botillo\/#primaryimage"},"thumbnailUrl":"https:\/\/embutidoslaencina.com\/wp-content\/uploads\/2022\/12\/botillo.jpg","datePublished":"2022-12-23T10:25:18+00:00","dateModified":"2025-09-05T14:00:26+00:00","breadcrumb":{"@id":"https:\/\/embutidoslaencina.com\/producto\/botillo\/#breadcrumb"},"inLanguage":"en-US","potentialAction":[{"@type":"ReadAction","target":["https:\/\/embutidoslaencina.com\/producto\/botillo\/"]}]},{"@type":"ImageObject","inLanguage":"en-US","@id":"https:\/\/embutidoslaencina.com\/producto\/botillo\/#primaryimage","url":"https:\/\/embutidoslaencina.com\/wp-content\/uploads\/2022\/12\/botillo.jpg","contentUrl":"https:\/\/embutidoslaencina.com\/wp-content\/uploads\/2022\/12\/botillo.jpg","width":1920,"height":1920},{"@type":"BreadcrumbList","@id":"https:\/\/embutidoslaencina.com\/producto\/botillo\/#breadcrumb","itemListElement":[{"@type":"ListItem","position":1,"name":"Portada","item":"https:\/\/embutidoslaencina.com\/"},{"@type":"ListItem","position":2,"name":"Tienda","item":"https:\/\/embutidoslaencina.com\/tienda\/"},{"@type":"ListItem","position":3,"name":"Botillo"}]},{"@type":"WebSite","@id":"https:\/\/embutidoslaencina.com\/#website","url":"https:\/\/embutidoslaencina.com\/","name":"Embutidos La Encina","description":"Bienvenido a Embutidos La Encina, donde tradición y sabor se unen en el corazón de Los Ancares leoneses, una región declarada Reserva de la Biosfera. Descubre nuestros embutidos artesanales elaborados en un entorno natural único.","publisher":{"@id":"https:\/\/embutidoslaencina.com\/#organization"},"potentialAction":[{"@type":"SearchAction","target":{"@type":"EntryPoint","urlTemplate":"https:\/\/embutidoslaencina.com\/?s={search_term_string}"},"query-input":{"@type":"PropertyValueSpecification","valueRequired":true,"valueName":"search_term_string"}}],"inLanguage":"en-US"},{"@type":"Organization","@id":"https:\/\/embutidoslaencina.com\/#organization","name":"Embutidos La Encina","url":"https:\/\/embutidoslaencina.com\/","logo":{"@type":"ImageObject","inLanguage":"en-US","@id":"https:\/\/embutidoslaencina.com\/#\/schema\/logo\/image\/","url":"https:\/\/embutidoslaencina.com\/wp-content\/uploads\/2025\/11\/logo-embutidos-la-encina-og.png","contentUrl":"https:\/\/embutidoslaencina.com\/wp-content\/uploads\/2025\/11\/logo-embutidos-la-encina-og.png","width":207,"height":202,"caption":"Embutidos La Encina"},"image":{"@id":"https:\/\/embutidoslaencina.com\/#\/schema\/logo\/image\/"},"sameAs":["https:\/\/www.instagram.com\/embutidoslaencina"]}]}</script>
<!-- / Yoast SEO plugin. -->

Botillo del Bierzo grande (4 raciones)  Sin alérgenos  Elaborado con costilla, rabo y espinazo de cerdo duroc, adobado con pimentón, ajo y orégano. Embutido en tripa natural y oreado 2 semanas. Finalmente, recibe un ligero toque de leña de roble y encina.  &nbsp;

Bienvenido a Embutidos La Encina, donde tradición y sabor se unen en el corazón de Los Ancares leoneses, una región declarada Reserva de la Biosfera. Descubre nuestros embutidos artesanales elaborados en un entorno natural único.
