{"id":1824,"date":"2025-08-13T11:24:50","date_gmt":"2025-08-13T09:24:50","guid":{"rendered":"https:\/\/staging.embutidoslaencina.com\/?post_type=product&#038;p=1824"},"modified":"2025-09-05T16:11:42","modified_gmt":"2025-09-05T14:11:42","slug":"loncheado-de-cecina","status":"publish","type":"product","link":"https:\/\/embutidoslaencina.com\/en\/product\/loncheado-de-cecina\/","title":{"rendered":"Sliced Cecina"},"content":{"rendered":"","protected":false},"excerpt":{"rendered":"<p><strong>Sliced Cecina 100g<\/strong><\/p>\n<p>Allergen-free<\/p>\n<div class=\"column mcb-column mcb-item-zjxu1xfl one laptop-one tablet-one mobile-one column_product_short_description\">\n<div class=\"mcb-column-inner mfn-module-wrapper mcb-column-inner-zjxu1xfl mcb-item-product_short_description-inner\">\n<div class=\"woocommerce-product-details__short-description\">\n<p>Beef cuts (topside, bottom, or rump) cured for up to 18 months. During the process, the cut evolves and undergoes countless changes that enrich its flavor and aroma, transforming it into an exceptional product, full of nuances.<\/p>\n<\/div>\n<\/div>\n<\/div>\n<div class=\"column mcb-column mcb-item-da21bt2 one laptop-one tablet-one mobile-one column_product_price product-price\">\n<div class=\"mcb-column-inner mfn-module-wrapper mcb-column-inner-da21bt2 mcb-item-product_price-inner\"><\/div>\n<\/div>","protected":false},"featured_media":2081,"template":"","meta":{"_monsterinsights_skip_tracking":false,"_monsterinsights_sitenote_active":false,"_monsterinsights_sitenote_note":"","_monsterinsights_sitenote_category":0},"product_brand":[],"product_cat":[45],"product_tag":[],"class_list":{"0":"post-1824","1":"product","2":"type-product","3":"status-publish","4":"has-post-thumbnail","6":"product_cat-loncheados","8":"first","9":"instock","10":"featured","11":"taxable","12":"shipping-taxable","13":"purchasable","14":"product-type-simple"},"yoast_head":"<!-- This site is optimized with the Yoast SEO plugin v27.4 - https:\/\/yoast.com\/product\/yoast-seo-wordpress\/ -->\n<title>Loncheado de Cecina - Embutidos La Encina<\/title>\n<meta name=\"robots\" content=\"index, follow, max-snippet:-1, max-image-preview:large, max-video-preview:-1\" \/>\n<link rel=\"canonical\" href=\"https:\/\/embutidoslaencina.com\/en\/product\/loncheado-de-cecina\/\" \/>\n<meta property=\"og:locale\" content=\"en_US\" \/>\n<meta property=\"og:type\" content=\"article\" \/>\n<meta property=\"og:title\" content=\"Loncheado de Cecina - Embutidos La Encina\" \/>\n<meta property=\"og:description\" content=\"Cecina loncheada 100g  Sin alergenos     Cortes de vacuno (tapas, contras o babillas) curados hasta 18 meses. Durante el proceso, la pieza evoluciona y experimenta un sinf\u00edn de cambios que enriquecen su sabor y aroma, transform\u00e1ndola en un producto excepcional, lleno de matices.\" \/>\n<meta property=\"og:url\" content=\"https:\/\/embutidoslaencina.com\/en\/product\/loncheado-de-cecina\/\" \/>\n<meta property=\"og:site_name\" content=\"Embutidos La Encina\" \/>\n<meta property=\"article:modified_time\" content=\"2025-09-05T14:11:42+00:00\" \/>\n<meta property=\"og:image\" content=\"https:\/\/embutidoslaencina.com\/wp-content\/uploads\/2025\/08\/Group-47809.png\" \/>\n\t<meta property=\"og:image:width\" content=\"608\" \/>\n\t<meta property=\"og:image:height\" content=\"607\" \/>\n\t<meta property=\"og:image:type\" content=\"image\/png\" \/>\n<meta name=\"twitter:card\" content=\"summary_large_image\" \/>\n<meta name=\"twitter:label1\" content=\"Est. reading time\" \/>\n\t<meta name=\"twitter:data1\" content=\"1 minute\" \/>\n<script type=\"application\/ld+json\" class=\"yoast-schema-graph\">{\"@context\":\"https:\\\/\\\/schema.org\",\"@graph\":[{\"@type\":\"WebPage\",\"@id\":\"https:\\\/\\\/embutidoslaencina.com\\\/producto\\\/loncheado-de-cecina\\\/\",\"url\":\"https:\\\/\\\/embutidoslaencina.com\\\/producto\\\/loncheado-de-cecina\\\/\",\"name\":\"Loncheado de Cecina - Embutidos La Encina\",\"isPartOf\":{\"@id\":\"https:\\\/\\\/embutidoslaencina.com\\\/#website\"},\"primaryImageOfPage\":{\"@id\":\"https:\\\/\\\/embutidoslaencina.com\\\/producto\\\/loncheado-de-cecina\\\/#primaryimage\"},\"image\":{\"@id\":\"https:\\\/\\\/embutidoslaencina.com\\\/producto\\\/loncheado-de-cecina\\\/#primaryimage\"},\"thumbnailUrl\":\"https:\\\/\\\/embutidoslaencina.com\\\/wp-content\\\/uploads\\\/2025\\\/08\\\/Group-47809.png\",\"datePublished\":\"2025-08-13T09:24:50+00:00\",\"dateModified\":\"2025-09-05T14:11:42+00:00\",\"breadcrumb\":{\"@id\":\"https:\\\/\\\/embutidoslaencina.com\\\/producto\\\/loncheado-de-cecina\\\/#breadcrumb\"},\"inLanguage\":\"en-US\",\"potentialAction\":[{\"@type\":\"ReadAction\",\"target\":[\"https:\\\/\\\/embutidoslaencina.com\\\/producto\\\/loncheado-de-cecina\\\/\"]}]},{\"@type\":\"ImageObject\",\"inLanguage\":\"en-US\",\"@id\":\"https:\\\/\\\/embutidoslaencina.com\\\/producto\\\/loncheado-de-cecina\\\/#primaryimage\",\"url\":\"https:\\\/\\\/embutidoslaencina.com\\\/wp-content\\\/uploads\\\/2025\\\/08\\\/Group-47809.png\",\"contentUrl\":\"https:\\\/\\\/embutidoslaencina.com\\\/wp-content\\\/uploads\\\/2025\\\/08\\\/Group-47809.png\",\"width\":608,\"height\":607},{\"@type\":\"BreadcrumbList\",\"@id\":\"https:\\\/\\\/embutidoslaencina.com\\\/producto\\\/loncheado-de-cecina\\\/#breadcrumb\",\"itemListElement\":[{\"@type\":\"ListItem\",\"position\":1,\"name\":\"Portada\",\"item\":\"https:\\\/\\\/embutidoslaencina.com\\\/\"},{\"@type\":\"ListItem\",\"position\":2,\"name\":\"Tienda\",\"item\":\"https:\\\/\\\/embutidoslaencina.com\\\/tienda\\\/\"},{\"@type\":\"ListItem\",\"position\":3,\"name\":\"Loncheado de Cecina\"}]},{\"@type\":\"WebSite\",\"@id\":\"https:\\\/\\\/embutidoslaencina.com\\\/#website\",\"url\":\"https:\\\/\\\/embutidoslaencina.com\\\/\",\"name\":\"Embutidos La Encina\",\"description\":\"Bienvenido a Embutidos La Encina, donde tradici\u00f3n y sabor se unen en el coraz\u00f3n de Los Ancares leoneses, una regi\u00f3n declarada Reserva de la Biosfera. Descubre nuestros embutidos artesanales elaborados en un entorno natural \u00fanico.\",\"publisher\":{\"@id\":\"https:\\\/\\\/embutidoslaencina.com\\\/#organization\"},\"potentialAction\":[{\"@type\":\"SearchAction\",\"target\":{\"@type\":\"EntryPoint\",\"urlTemplate\":\"https:\\\/\\\/embutidoslaencina.com\\\/?s={search_term_string}\"},\"query-input\":{\"@type\":\"PropertyValueSpecification\",\"valueRequired\":true,\"valueName\":\"search_term_string\"}}],\"inLanguage\":\"en-US\"},{\"@type\":\"Organization\",\"@id\":\"https:\\\/\\\/embutidoslaencina.com\\\/#organization\",\"name\":\"Embutidos La Encina\",\"url\":\"https:\\\/\\\/embutidoslaencina.com\\\/\",\"logo\":{\"@type\":\"ImageObject\",\"inLanguage\":\"en-US\",\"@id\":\"https:\\\/\\\/embutidoslaencina.com\\\/#\\\/schema\\\/logo\\\/image\\\/\",\"url\":\"https:\\\/\\\/embutidoslaencina.com\\\/wp-content\\\/uploads\\\/2025\\\/11\\\/logo-embutidos-la-encina-og.png\",\"contentUrl\":\"https:\\\/\\\/embutidoslaencina.com\\\/wp-content\\\/uploads\\\/2025\\\/11\\\/logo-embutidos-la-encina-og.png\",\"width\":207,\"height\":202,\"caption\":\"Embutidos La Encina\"},\"image\":{\"@id\":\"https:\\\/\\\/embutidoslaencina.com\\\/#\\\/schema\\\/logo\\\/image\\\/\"},\"sameAs\":[\"https:\\\/\\\/www.instagram.com\\\/embutidoslaencina\"]}]}<\/script>\n<!-- \/ Yoast SEO plugin. -->","yoast_head_json":{"title":"Loncheado de Cecina - Embutidos La Encina","robots":{"index":"index","follow":"follow","max-snippet":"max-snippet:-1","max-image-preview":"max-image-preview:large","max-video-preview":"max-video-preview:-1"},"canonical":"https:\/\/embutidoslaencina.com\/en\/product\/loncheado-de-cecina\/","og_locale":"en_US","og_type":"article","og_title":"Loncheado de Cecina - Embutidos La Encina","og_description":"Cecina loncheada 100g  Sin alergenos     Cortes de vacuno (tapas, contras o babillas) curados hasta 18 meses. Durante el proceso, la pieza evoluciona y experimenta un sinf\u00edn de cambios que enriquecen su sabor y aroma, transform\u00e1ndola en un producto excepcional, lleno de matices.","og_url":"https:\/\/embutidoslaencina.com\/en\/product\/loncheado-de-cecina\/","og_site_name":"Embutidos La Encina","article_modified_time":"2025-09-05T14:11:42+00:00","og_image":[{"width":608,"height":607,"url":"https:\/\/embutidoslaencina.com\/wp-content\/uploads\/2025\/08\/Group-47809.png","type":"image\/png"}],"twitter_card":"summary_large_image","twitter_misc":{"Est. reading time":"1 minute"},"schema":{"@context":"https:\/\/schema.org","@graph":[{"@type":"WebPage","@id":"https:\/\/embutidoslaencina.com\/producto\/loncheado-de-cecina\/","url":"https:\/\/embutidoslaencina.com\/producto\/loncheado-de-cecina\/","name":"Loncheado de Cecina - Embutidos La Encina","isPartOf":{"@id":"https:\/\/embutidoslaencina.com\/#website"},"primaryImageOfPage":{"@id":"https:\/\/embutidoslaencina.com\/producto\/loncheado-de-cecina\/#primaryimage"},"image":{"@id":"https:\/\/embutidoslaencina.com\/producto\/loncheado-de-cecina\/#primaryimage"},"thumbnailUrl":"https:\/\/embutidoslaencina.com\/wp-content\/uploads\/2025\/08\/Group-47809.png","datePublished":"2025-08-13T09:24:50+00:00","dateModified":"2025-09-05T14:11:42+00:00","breadcrumb":{"@id":"https:\/\/embutidoslaencina.com\/producto\/loncheado-de-cecina\/#breadcrumb"},"inLanguage":"en-US","potentialAction":[{"@type":"ReadAction","target":["https:\/\/embutidoslaencina.com\/producto\/loncheado-de-cecina\/"]}]},{"@type":"ImageObject","inLanguage":"en-US","@id":"https:\/\/embutidoslaencina.com\/producto\/loncheado-de-cecina\/#primaryimage","url":"https:\/\/embutidoslaencina.com\/wp-content\/uploads\/2025\/08\/Group-47809.png","contentUrl":"https:\/\/embutidoslaencina.com\/wp-content\/uploads\/2025\/08\/Group-47809.png","width":608,"height":607},{"@type":"BreadcrumbList","@id":"https:\/\/embutidoslaencina.com\/producto\/loncheado-de-cecina\/#breadcrumb","itemListElement":[{"@type":"ListItem","position":1,"name":"Portada","item":"https:\/\/embutidoslaencina.com\/"},{"@type":"ListItem","position":2,"name":"Tienda","item":"https:\/\/embutidoslaencina.com\/tienda\/"},{"@type":"ListItem","position":3,"name":"Loncheado de Cecina"}]},{"@type":"WebSite","@id":"https:\/\/embutidoslaencina.com\/#website","url":"https:\/\/embutidoslaencina.com\/","name":"Embutidos La Encina","description":"Bienvenido a Embutidos La Encina, donde tradici\u00f3n y sabor se unen en el coraz\u00f3n de Los Ancares leoneses, una regi\u00f3n declarada Reserva de la Biosfera. Descubre nuestros embutidos artesanales elaborados en un entorno natural \u00fanico.","publisher":{"@id":"https:\/\/embutidoslaencina.com\/#organization"},"potentialAction":[{"@type":"SearchAction","target":{"@type":"EntryPoint","urlTemplate":"https:\/\/embutidoslaencina.com\/?s={search_term_string}"},"query-input":{"@type":"PropertyValueSpecification","valueRequired":true,"valueName":"search_term_string"}}],"inLanguage":"en-US"},{"@type":"Organization","@id":"https:\/\/embutidoslaencina.com\/#organization","name":"Embutidos La Encina","url":"https:\/\/embutidoslaencina.com\/","logo":{"@type":"ImageObject","inLanguage":"en-US","@id":"https:\/\/embutidoslaencina.com\/#\/schema\/logo\/image\/","url":"https:\/\/embutidoslaencina.com\/wp-content\/uploads\/2025\/11\/logo-embutidos-la-encina-og.png","contentUrl":"https:\/\/embutidoslaencina.com\/wp-content\/uploads\/2025\/11\/logo-embutidos-la-encina-og.png","width":207,"height":202,"caption":"Embutidos La Encina"},"image":{"@id":"https:\/\/embutidoslaencina.com\/#\/schema\/logo\/image\/"},"sameAs":["https:\/\/www.instagram.com\/embutidoslaencina"]}]}},"_links":{"self":[{"href":"https:\/\/embutidoslaencina.com\/en\/wp-json\/wp\/v2\/product\/1824","targetHints":{"allow":["GET"]}}],"collection":[{"href":"https:\/\/embutidoslaencina.com\/en\/wp-json\/wp\/v2\/product"}],"about":[{"href":"https:\/\/embutidoslaencina.com\/en\/wp-json\/wp\/v2\/types\/product"}],"wp:featuredmedia":[{"embeddable":true,"href":"https:\/\/embutidoslaencina.com\/en\/wp-json\/wp\/v2\/media\/2081"}],"wp:attachment":[{"href":"https:\/\/embutidoslaencina.com\/en\/wp-json\/wp\/v2\/media?parent=1824"}],"wp:term":[{"taxonomy":"product_brand","embeddable":true,"href":"https:\/\/embutidoslaencina.com\/en\/wp-json\/wp\/v2\/product_brand?post=1824"},{"taxonomy":"product_cat","embeddable":true,"href":"https:\/\/embutidoslaencina.com\/en\/wp-json\/wp\/v2\/product_cat?post=1824"},{"taxonomy":"product_tag","embeddable":true,"href":"https:\/\/embutidoslaencina.com\/en\/wp-json\/wp\/v2\/product_tag?post=1824"}],"curies":[{"name":"wp","href":"https:\/\/api.w.org\/{rel}","templated":true}]}}

<!-- This site is optimized with the Yoast SEO plugin v27.4 - https://yoast.com/product/yoast-seo-wordpress/ -->
<title>Loncheado de Cecina - Embutidos La Encina</title>
<meta name="robots" content="index, follow, max-snippet:-1, max-image-preview:large, max-video-preview:-1" />
<link rel="canonical" href="https://embutidoslaencina.com/en/product/loncheado-de-cecina/" />
<meta property="og:locale" content="en_US" />
<meta property="og:type" content="article" />
<meta property="og:title" content="Loncheado de Cecina - Embutidos La Encina" />
<meta property="og:description" content="Cecina loncheada 100g  Sin alergenos     Cortes de vacuno (tapas, contras o babillas) curados hasta 18 meses. Durante el proceso, la pieza evoluciona y experimenta un sinfín de cambios que enriquecen su sabor y aroma, transformándola en un producto excepcional, lleno de matices." />
<meta property="og:url" content="https://embutidoslaencina.com/en/product/loncheado-de-cecina/" />
<meta property="og:site_name" content="Embutidos La Encina" />
<meta property="article:modified_time" content="2025-09-05T14:11:42+00:00" />
<meta property="og:image" content="https://embutidoslaencina.com/wp-content/uploads/2025/08/Group-47809.png" />
	<meta property="og:image:width" content="608" />
	<meta property="og:image:height" content="607" />
	<meta property="og:image:type" content="image/png" />
<meta name="twitter:card" content="summary_large_image" />
<meta name="twitter:label1" content="Est. reading time" />
	<meta name="twitter:data1" content="1 minute" />
<script type="application/ld+json" class="yoast-schema-graph">{"@context":"https:\/\/schema.org","@graph":[{"@type":"WebPage","@id":"https:\/\/embutidoslaencina.com\/producto\/loncheado-de-cecina\/","url":"https:\/\/embutidoslaencina.com\/producto\/loncheado-de-cecina\/","name":"Loncheado de Cecina - Embutidos La Encina","isPartOf":{"@id":"https:\/\/embutidoslaencina.com\/#website"},"primaryImageOfPage":{"@id":"https:\/\/embutidoslaencina.com\/producto\/loncheado-de-cecina\/#primaryimage"},"image":{"@id":"https:\/\/embutidoslaencina.com\/producto\/loncheado-de-cecina\/#primaryimage"},"thumbnailUrl":"https:\/\/embutidoslaencina.com\/wp-content\/uploads\/2025\/08\/Group-47809.png","datePublished":"2025-08-13T09:24:50+00:00","dateModified":"2025-09-05T14:11:42+00:00","breadcrumb":{"@id":"https:\/\/embutidoslaencina.com\/producto\/loncheado-de-cecina\/#breadcrumb"},"inLanguage":"en-US","potentialAction":[{"@type":"ReadAction","target":["https:\/\/embutidoslaencina.com\/producto\/loncheado-de-cecina\/"]}]},{"@type":"ImageObject","inLanguage":"en-US","@id":"https:\/\/embutidoslaencina.com\/producto\/loncheado-de-cecina\/#primaryimage","url":"https:\/\/embutidoslaencina.com\/wp-content\/uploads\/2025\/08\/Group-47809.png","contentUrl":"https:\/\/embutidoslaencina.com\/wp-content\/uploads\/2025\/08\/Group-47809.png","width":608,"height":607},{"@type":"BreadcrumbList","@id":"https:\/\/embutidoslaencina.com\/producto\/loncheado-de-cecina\/#breadcrumb","itemListElement":[{"@type":"ListItem","position":1,"name":"Portada","item":"https:\/\/embutidoslaencina.com\/"},{"@type":"ListItem","position":2,"name":"Tienda","item":"https:\/\/embutidoslaencina.com\/tienda\/"},{"@type":"ListItem","position":3,"name":"Loncheado de Cecina"}]},{"@type":"WebSite","@id":"https:\/\/embutidoslaencina.com\/#website","url":"https:\/\/embutidoslaencina.com\/","name":"Embutidos La Encina","description":"Bienvenido a Embutidos La Encina, donde tradición y sabor se unen en el corazón de Los Ancares leoneses, una región declarada Reserva de la Biosfera. Descubre nuestros embutidos artesanales elaborados en un entorno natural único.","publisher":{"@id":"https:\/\/embutidoslaencina.com\/#organization"},"potentialAction":[{"@type":"SearchAction","target":{"@type":"EntryPoint","urlTemplate":"https:\/\/embutidoslaencina.com\/?s={search_term_string}"},"query-input":{"@type":"PropertyValueSpecification","valueRequired":true,"valueName":"search_term_string"}}],"inLanguage":"en-US"},{"@type":"Organization","@id":"https:\/\/embutidoslaencina.com\/#organization","name":"Embutidos La Encina","url":"https:\/\/embutidoslaencina.com\/","logo":{"@type":"ImageObject","inLanguage":"en-US","@id":"https:\/\/embutidoslaencina.com\/#\/schema\/logo\/image\/","url":"https:\/\/embutidoslaencina.com\/wp-content\/uploads\/2025\/11\/logo-embutidos-la-encina-og.png","contentUrl":"https:\/\/embutidoslaencina.com\/wp-content\/uploads\/2025\/11\/logo-embutidos-la-encina-og.png","width":207,"height":202,"caption":"Embutidos La Encina"},"image":{"@id":"https:\/\/embutidoslaencina.com\/#\/schema\/logo\/image\/"},"sameAs":["https:\/\/www.instagram.com\/embutidoslaencina"]}]}</script>
<!-- / Yoast SEO plugin. -->

Cecina loncheada 100g  Sin alergenos     Cortes de vacuno (tapas, contras o babillas) curados hasta 18 meses. Durante el proceso, la pieza evoluciona y experimenta un sinfín de cambios que enriquecen su sabor y aroma, transformándola en un producto excepcional, lleno de matices.

Bienvenido a Embutidos La Encina, donde tradición y sabor se unen en el corazón de Los Ancares leoneses, una región declarada Reserva de la Biosfera. Descubre nuestros embutidos artesanales elaborados en un entorno natural único.
